{"id":110,"date":"2024-03-07T12:16:45","date_gmt":"2024-03-07T11:16:45","guid":{"rendered":"https:\/\/ap.webmasterki.pl\/?page_id=110"},"modified":"2024-04-11T13:45:33","modified_gmt":"2024-04-11T11:45:33","slug":"o-mnie","status":"publish","type":"page","link":"https:\/\/ap.webmasterki.pl\/index.php\/o-mnie\/","title":{"rendered":"O mnie"},"content":{"rendered":"\n<div class=\"wp-block-media-text is-stacked-on-mobile is-vertically-aligned-top\"><figure class=\"wp-block-media-text__media\"><img loading=\"lazy\" decoding=\"async\" width=\"768\" height=\"1024\" src=\"https:\/\/ap.webmasterki.pl\/wp-content\/uploads\/2024\/03\/IMG_4953-kopia-1-768x1024.jpg\" alt=\"\" class=\"wp-image-128 size-full\" srcset=\"https:\/\/ap.webmasterki.pl\/wp-content\/uploads\/2024\/03\/IMG_4953-kopia-1-768x1024.jpg 768w, https:\/\/ap.webmasterki.pl\/wp-content\/uploads\/2024\/03\/IMG_4953-kopia-1-225x300.jpg 225w, https:\/\/ap.webmasterki.pl\/wp-content\/uploads\/2024\/03\/IMG_4953-kopia-1-1152x1536.jpg 1152w, https:\/\/ap.webmasterki.pl\/wp-content\/uploads\/2024\/03\/IMG_4953-kopia-1.jpg 1500w\" sizes=\"auto, (max-width: 768px) 100vw, 768px\" \/><\/figure><div class=\"wp-block-media-text__content\">\n<p><strong>Pracuje by motywowa\u0107 ludzi do robienia rzeczy, kt\u00f3re ich inspiruj\u0105<\/strong><\/p>\n\n\n\n<p><strong>Jestem przedsi\u0119biorcz\u0105 kobiet\u0105, kt\u00f3ra lata temu startowa\u0142am w\u0142asn\u0105 dzia\u0142alno\u015b\u0107 bez do\u015bwiadczenia, wsparcia i wiedzy. Mia\u0142am zaledwie 24 lata i by\u0142am mam\u0105 ma\u0142ej c\u00f3reczki. Nie by\u0142o \u0142atwo pogodzi\u0107 roli mamy i w\u0142a\u015bciciela firmy b\u0119d\u0105c jednocze\u015bnie \u201erzemie\u015blnikiem\u201d.<\/strong><\/p>\n\n\n\n<p>Pierwsze lata, nie by\u0142y \u0142atwe w prowadzeniu firmy, bo uczy\u0142am si\u0119 wszystkiego: jak planowa\u0107 i uk\u0142ada\u0107 czas pracy i pogodzi\u0107 czas mi\u0119dzy rodzin\u0105, a dzia\u0142alno\u015bci\u0105.<\/p>\n\n\n\n<p><strong>Uczy\u0142am si\u0119 r\u00f3wnie\u017c, marketingu. Jak skutecznie reklamowa\u0107 si\u0119 i firm\u0119. Jak zaistnie\u0107 na rynku, Jak i gdzie -odpowiednio komunikowa\u0107 si\u0119? Kim jestem, aby mnie zauwa\u017cano na rynku i tym samym zdobywa\u0107 klient\u00f3w\u2026<\/strong><\/p>\n\n\n\n<p>Doskonali\u0142am w tym wszystkim, swoje umiej\u0119tno\u015bci prowadzenia firmy jako jednoosobowa dzia\u0142alno\u015b\u0107 i budowa\u0142am swoje poczucie pewno\u015bci siebie. A gdy by\u0142am ju\u017c mocniejsza -przyszed\u0142 czas, \u017ce zatrudnia\u0142am ludzi.<\/p>\n\n\n\n<p>Przez wszystkie te lata zdobywa\u0142am do\u015bwiadczenie zawodowe i osobiste. Czasami metod\u0105 pr\u00f3b i b\u0142\u0119d\u00f3w, dlatego dzi\u015b m\u00f3wi\u0119 o sobie Praktyk biznesu ze specjalno\u015bci\u0105: komunikacja, organizacja, sprzeda\u017c. Inni m\u00f3wi\u0105 o mnie Mentor biznesu.<\/p>\n\n\n\n<p>Dowiesz si\u0119 TU od czego zacz\u0105\u0107, gdy chcesz za\u0142o\u017cy\u0107 firm\u0119. Lub gdy j\u0105 prowadzisz, jak pchn\u0105\u0107 j\u0105 na wy\u017cszy poziom.<\/p>\n\n\n\n<p><strong>Pozw\u00f3l si\u0119 pozna\u0107 i zainspirowa\u0107.<\/strong> B\u0119d\u0119 ci towarzyszy\u0107 TYLKO, JE\u015aLI CHCESZ DZIA\u0141A\u0106! Efekty zobaczysz sama! To ruszaj i Dzia\u0142ajmy!<\/p>\n<\/div><\/div>\n","protected":false},"excerpt":{"rendered":"<p>Pracuje by motywowa\u0107 ludzi do robienia rzeczy, kt\u00f3re ich inspiruj\u0105 Jestem przedsi\u0119biorcz\u0105 kobiet\u0105, kt\u00f3ra lata temu startowa\u0142am w\u0142asn\u0105 dzia\u0142alno\u015b\u0107 bez do\u015bwiadczenia, wsparcia i wiedzy. Mia\u0142am zaledwie 24 lata i by\u0142am mam\u0105 ma\u0142ej c\u00f3reczki. Nie by\u0142o \u0142atwo pogodzi\u0107 roli mamy i w\u0142a\u015bciciela firmy b\u0119d\u0105c jednocze\u015bnie \u201erzemie\u015blnikiem\u201d. Pierwsze lata, nie by\u0142y \u0142atwe w prowadzeniu firmy, bo uczy\u0142am [&hellip;]<\/p>\n","protected":false},"author":1,"featured_media":0,"parent":0,"menu_order":0,"comment_status":"closed","ping_status":"closed","template":"","meta":{"_gspb_post_css":"","footnotes":""},"class_list":["post-110","page","type-page","status-publish","hentry"],"_links":{"self":[{"href":"https:\/\/ap.webmasterki.pl\/index.php\/wp-json\/wp\/v2\/pages\/110","targetHints":{"allow":["GET"]}}],"collection":[{"href":"https:\/\/ap.webmasterki.pl\/index.php\/wp-json\/wp\/v2\/pages"}],"about":[{"href":"https:\/\/ap.webmasterki.pl\/index.php\/wp-json\/wp\/v2\/types\/page"}],"author":[{"embeddable":true,"href":"https:\/\/ap.webmasterki.pl\/index.php\/wp-json\/wp\/v2\/users\/1"}],"replies":[{"embeddable":true,"href":"https:\/\/ap.webmasterki.pl\/index.php\/wp-json\/wp\/v2\/comments?post=110"}],"version-history":[{"count":5,"href":"https:\/\/ap.webmasterki.pl\/index.php\/wp-json\/wp\/v2\/pages\/110\/revisions"}],"predecessor-version":[{"id":154,"href":"https:\/\/ap.webmasterki.pl\/index.php\/wp-json\/wp\/v2\/pages\/110\/revisions\/154"}],"wp:attachment":[{"href":"https:\/\/ap.webmasterki.pl\/index.php\/wp-json\/wp\/v2\/media?parent=110"}],"curies":[{"name":"wp","href":"https:\/\/api.w.org\/{rel}","templated":true}]}}